{"id":557,"date":"2022-03-22T15:03:31","date_gmt":"2022-03-22T15:03:31","guid":{"rendered":"https:\/\/fellmannkunz.ch\/?page_id=557"},"modified":"2022-04-21T12:42:53","modified_gmt":"2022-04-21T12:42:53","slug":"lorenz-fellmann-rechtsanwalt","status":"publish","type":"page","link":"https:\/\/fellmannkunz.ch\/fr\/lorenz-fellmann-rechtsanwalt\/","title":{"rendered":"Lorenz Fellmann, Rechtsanwalt"},"content":{"rendered":"<p><img loading=\"lazy\" decoding=\"async\" width=\"3026\" height=\"2862\" src=\"https:\/\/fellmannkunz.ch\/wp-content\/uploads\/2022\/04\/img-fellmann-neu-2.png\" alt=\"\" loading=\"lazy\" srcset=\"https:\/\/fellmannkunz.ch\/wp-content\/uploads\/2022\/04\/img-fellmann-neu-2.png 3026w, https:\/\/fellmannkunz.ch\/wp-content\/uploads\/2022\/04\/img-fellmann-neu-2-300x284.png 300w, https:\/\/fellmannkunz.ch\/wp-content\/uploads\/2022\/04\/img-fellmann-neu-2-1024x969.png 1024w, https:\/\/fellmannkunz.ch\/wp-content\/uploads\/2022\/04\/img-fellmann-neu-2-768x726.png 768w, https:\/\/fellmannkunz.ch\/wp-content\/uploads\/2022\/04\/img-fellmann-neu-2-1536x1453.png 1536w, https:\/\/fellmannkunz.ch\/wp-content\/uploads\/2022\/04\/img-fellmann-neu-2-2048x1937.png 2048w\" sizes=\"auto, (max-width: 3026px) 100vw, 3026px\" \/>\t\t\t\t\t\t\t\t\t\t\t\t\t\t\t<\/p>\n<h2>Lorenz Fellmann<br \/>Avocat<\/h2>\n<ul>\n<li>\u00c9tudes de droit et d&#8217;\u00e9conomie \u00e0 l&#8217;Universit\u00e9 de Berne<\/li>\n<li>1984 obtention du brevet d\u2019avocats<\/li>\n<li>Excerce depuis 1985 comme avocat ind\u00e9pendant \u00e0 Bienne<\/li>\n<li>Membre de la F\u00e9d\u00e9ration Suisse des Avocats et de l\u2019Association des avocats bernois<\/li>\n<li>Adh\u00e9sion \u00e0 diverses institutions, fondations et associations et actif dans des commissions de conciliation et des tribunaux arbitraux<\/li>\n<li>Lorenz Fellmann est citoyen suisse et fran\u00e7ais et vit \u00e0 Bienne<\/li>\n<\/ul>\n<p><b>Domaines d&#8217;activit\u00e9 privil\u00e9gi\u00e9s<\/b><\/p>\n<p>Droit des contrats, en particulier droit du travail, droit du travail collectif, droit du bail et droit des successions, droit de la circulation routi\u00e8re, droit des migrations (sans droit d&#8217;asile) et certains domaines du droit p\u00e9nal.<\/p><\/p>\n","protected":false},"excerpt":{"rendered":"<p>Lorenz FellmannAvocat \u00c9tudes de droit et d&#8217;\u00e9conomie \u00e0 l&#8217;Universit\u00e9 de Berne 1984 obtention du brevet d\u2019avocats Excerce depuis 1985 comme avocat ind\u00e9pendant \u00e0 Bienne Membre de la F\u00e9d\u00e9ration Suisse des Avocats et de l\u2019Association des avocats bernois Adh\u00e9sion \u00e0 diverses institutions, fondations et associations et actif dans des commissions de conciliation et des tribunaux arbitraux [&hellip;]<\/p>\n","protected":false},"author":5,"featured_media":0,"parent":0,"menu_order":0,"comment_status":"closed","ping_status":"closed","template":"","meta":{"footnotes":""},"class_list":["post-557","page","type-page","status-publish","hentry"],"translation":{"provider":"WPGlobus","version":"3.0.0","language":"fr","enabled_languages":["de","fr"],"languages":{"de":{"title":true,"content":true,"excerpt":false},"fr":{"title":true,"content":true,"excerpt":false}}},"yoast_head":"<!-- This site is optimized with the Yoast SEO plugin v23.8 - https:\/\/yoast.com\/wordpress\/plugins\/seo\/ -->\n<title>Lorenz Fellmann, Rechtsanwalt - fellmann&amp;kunz<\/title>\n<meta name=\"robots\" content=\"index, follow, max-snippet:-1, max-image-preview:large, max-video-preview:-1\" \/>\n<link rel=\"canonical\" href=\"https:\/\/fellmannkunz.ch\/lorenz-fellmann-rechtsanwalt\/\" \/>\n<meta property=\"og:locale\" content=\"fr_FR\" \/>\n<meta property=\"og:type\" content=\"article\" \/>\n<meta property=\"og:title\" content=\"Lorenz Fellmann, Rechtsanwalt - fellmann&amp;kunz\" \/>\n<meta property=\"og:url\" content=\"https:\/\/fellmannkunz.ch\/lorenz-fellmann-rechtsanwalt\/\" \/>\n<meta property=\"og:site_name\" content=\"fellmann&amp;kunz\" \/>\n<meta property=\"article:modified_time\" content=\"2022-04-21T12:42:53+00:00\" \/>\n<meta property=\"og:image\" content=\"https:\/\/fellmannkunz.ch\/wp-content\/uploads\/2022\/04\/img-fellmann-neu-2.png\" \/>\n<meta name=\"twitter:card\" content=\"summary_large_image\" \/>\n<meta name=\"twitter:label1\" content=\"Est. reading time\" \/>\n\t<meta name=\"twitter:data1\" content=\"1 minute\" \/>\n<script type=\"application\/ld+json\" class=\"yoast-schema-graph\">{\"@context\":\"https:\/\/schema.org\",\"@graph\":[{\"@type\":\"WebPage\",\"@id\":\"https:\/\/fellmannkunz.ch\/lorenz-fellmann-rechtsanwalt\/\",\"url\":\"https:\/\/fellmannkunz.ch\/lorenz-fellmann-rechtsanwalt\/\",\"name\":\"Lorenz Fellmann, Rechtsanwalt - fellmann&amp;kunz\",\"isPartOf\":{\"@id\":\"https:\/\/fellmannkunz.ch\/#website\"},\"primaryImageOfPage\":{\"@id\":\"https:\/\/fellmannkunz.ch\/lorenz-fellmann-rechtsanwalt\/#primaryimage\"},\"image\":{\"@id\":\"https:\/\/fellmannkunz.ch\/lorenz-fellmann-rechtsanwalt\/#primaryimage\"},\"thumbnailUrl\":\"https:\/\/fellmannkunz.ch\/wp-content\/uploads\/2022\/04\/img-fellmann-neu-2.png\",\"datePublished\":\"2022-03-22T15:03:31+00:00\",\"dateModified\":\"2022-04-21T12:42:53+00:00\",\"breadcrumb\":{\"@id\":\"https:\/\/fellmannkunz.ch\/lorenz-fellmann-rechtsanwalt\/#breadcrumb\"},\"inLanguage\":\"fr-FR\",\"potentialAction\":[{\"@type\":\"ReadAction\",\"target\":[\"https:\/\/fellmannkunz.ch\/lorenz-fellmann-rechtsanwalt\/\"]}]},{\"@type\":\"ImageObject\",\"inLanguage\":\"fr-FR\",\"@id\":\"https:\/\/fellmannkunz.ch\/lorenz-fellmann-rechtsanwalt\/#primaryimage\",\"url\":\"https:\/\/fellmannkunz.ch\/wp-content\/uploads\/2022\/04\/img-fellmann-neu-2.png\",\"contentUrl\":\"https:\/\/fellmannkunz.ch\/wp-content\/uploads\/2022\/04\/img-fellmann-neu-2.png\"},{\"@type\":\"BreadcrumbList\",\"@id\":\"https:\/\/fellmannkunz.ch\/lorenz-fellmann-rechtsanwalt\/#breadcrumb\",\"itemListElement\":[{\"@type\":\"ListItem\",\"position\":1,\"name\":\"Startseite\",\"item\":\"https:\/\/fellmannkunz.ch\/\"},{\"@type\":\"ListItem\",\"position\":2,\"name\":\"Lorenz Fellmann, Rechtsanwalt\"}]},{\"@type\":\"WebSite\",\"@id\":\"https:\/\/fellmannkunz.ch\/#website\",\"url\":\"https:\/\/fellmannkunz.ch\/\",\"name\":\"fellmann&amp;kunz\",\"description\":\"avocats et notaire\",\"potentialAction\":[{\"@type\":\"SearchAction\",\"target\":{\"@type\":\"EntryPoint\",\"urlTemplate\":\"https:\/\/fellmannkunz.ch\/?s={search_term_string}\"},\"query-input\":{\"@type\":\"PropertyValueSpecification\",\"valueRequired\":true,\"valueName\":\"search_term_string\"}}],\"inLanguage\":\"fr-FR\"}]}<\/script>\n<!-- \/ Yoast SEO plugin. -->","yoast_head_json":{"title":"Lorenz Fellmann, Rechtsanwalt - fellmann&amp;kunz","robots":{"index":"index","follow":"follow","max-snippet":"max-snippet:-1","max-image-preview":"max-image-preview:large","max-video-preview":"max-video-preview:-1"},"canonical":"https:\/\/fellmannkunz.ch\/lorenz-fellmann-rechtsanwalt\/","og_locale":"fr_FR","og_type":"article","og_title":"Lorenz Fellmann, Rechtsanwalt - fellmann&amp;kunz","og_url":"https:\/\/fellmannkunz.ch\/lorenz-fellmann-rechtsanwalt\/","og_site_name":"fellmann&amp;kunz","article_modified_time":"2022-04-21T12:42:53+00:00","og_image":[{"url":"https:\/\/fellmannkunz.ch\/wp-content\/uploads\/2022\/04\/img-fellmann-neu-2.png"}],"twitter_card":"summary_large_image","twitter_misc":{"Est. reading time":"1 minute"},"schema":{"@context":"https:\/\/schema.org","@graph":[{"@type":"WebPage","@id":"https:\/\/fellmannkunz.ch\/lorenz-fellmann-rechtsanwalt\/","url":"https:\/\/fellmannkunz.ch\/lorenz-fellmann-rechtsanwalt\/","name":"Lorenz Fellmann, Rechtsanwalt - fellmann&amp;kunz","isPartOf":{"@id":"https:\/\/fellmannkunz.ch\/#website"},"primaryImageOfPage":{"@id":"https:\/\/fellmannkunz.ch\/lorenz-fellmann-rechtsanwalt\/#primaryimage"},"image":{"@id":"https:\/\/fellmannkunz.ch\/lorenz-fellmann-rechtsanwalt\/#primaryimage"},"thumbnailUrl":"https:\/\/fellmannkunz.ch\/wp-content\/uploads\/2022\/04\/img-fellmann-neu-2.png","datePublished":"2022-03-22T15:03:31+00:00","dateModified":"2022-04-21T12:42:53+00:00","breadcrumb":{"@id":"https:\/\/fellmannkunz.ch\/lorenz-fellmann-rechtsanwalt\/#breadcrumb"},"inLanguage":"fr-FR","potentialAction":[{"@type":"ReadAction","target":["https:\/\/fellmannkunz.ch\/lorenz-fellmann-rechtsanwalt\/"]}]},{"@type":"ImageObject","inLanguage":"fr-FR","@id":"https:\/\/fellmannkunz.ch\/lorenz-fellmann-rechtsanwalt\/#primaryimage","url":"https:\/\/fellmannkunz.ch\/wp-content\/uploads\/2022\/04\/img-fellmann-neu-2.png","contentUrl":"https:\/\/fellmannkunz.ch\/wp-content\/uploads\/2022\/04\/img-fellmann-neu-2.png"},{"@type":"BreadcrumbList","@id":"https:\/\/fellmannkunz.ch\/lorenz-fellmann-rechtsanwalt\/#breadcrumb","itemListElement":[{"@type":"ListItem","position":1,"name":"Startseite","item":"https:\/\/fellmannkunz.ch\/"},{"@type":"ListItem","position":2,"name":"Lorenz Fellmann, Rechtsanwalt"}]},{"@type":"WebSite","@id":"https:\/\/fellmannkunz.ch\/#website","url":"https:\/\/fellmannkunz.ch\/","name":"fellmann&amp;kunz","description":"avocats et notaire","potentialAction":[{"@type":"SearchAction","target":{"@type":"EntryPoint","urlTemplate":"https:\/\/fellmannkunz.ch\/?s={search_term_string}"},"query-input":{"@type":"PropertyValueSpecification","valueRequired":true,"valueName":"search_term_string"}}],"inLanguage":"fr-FR"}]}},"_links":{"self":[{"href":"https:\/\/fellmannkunz.ch\/fr\/wp-json\/wp\/v2\/pages\/557","targetHints":{"allow":["GET"]}}],"collection":[{"href":"https:\/\/fellmannkunz.ch\/fr\/wp-json\/wp\/v2\/pages"}],"about":[{"href":"https:\/\/fellmannkunz.ch\/fr\/wp-json\/wp\/v2\/types\/page"}],"author":[{"embeddable":true,"href":"https:\/\/fellmannkunz.ch\/fr\/wp-json\/wp\/v2\/users\/5"}],"replies":[{"embeddable":true,"href":"https:\/\/fellmannkunz.ch\/fr\/wp-json\/wp\/v2\/comments?post=557"}],"version-history":[{"count":145,"href":"https:\/\/fellmannkunz.ch\/fr\/wp-json\/wp\/v2\/pages\/557\/revisions"}],"predecessor-version":[{"id":2497,"href":"https:\/\/fellmannkunz.ch\/fr\/wp-json\/wp\/v2\/pages\/557\/revisions\/2497"}],"wp:attachment":[{"href":"https:\/\/fellmannkunz.ch\/fr\/wp-json\/wp\/v2\/media?parent=557"}],"curies":[{"name":"wp","href":"https:\/\/api.w.org\/{rel}","templated":true}]}}

<p><img loading="lazy" decoding="async" width="3026" height="2862" src="https://fellmannkunz.ch/wp-content/uploads/2022/04/img-fellmann-neu-2.png" alt="" loading="lazy" srcset="https://fellmannkunz.ch/wp-content/uploads/2022/04/img-fellmann-neu-2.png 3026w, https://fellmannkunz.ch/wp-content/uploads/2022/04/img-fellmann-neu-2-300x284.png 300w, https://fellmannkunz.ch/wp-content/uploads/2022/04/img-fellmann-neu-2-1024x969.png 1024w, https://fellmannkunz.ch/wp-content/uploads/2022/04/img-fellmann-neu-2-768x726.png 768w, https://fellmannkunz.ch/wp-content/uploads/2022/04/img-fellmann-neu-2-1536x1453.png 1536w, https://fellmannkunz.ch/wp-content/uploads/2022/04/img-fellmann-neu-2-2048x1937.png 2048w" sizes="auto, (max-width: 3026px) 100vw, 3026px" />															</p>
<h2>Lorenz Fellmann<br />Avocat</h2>
<ul>
<li>Études de droit et d&#8217;économie à l&#8217;Université de Berne</li>
<li>1984 obtention du brevet d’avocats</li>
<li>Excerce depuis 1985 comme avocat indépendant à Bienne</li>
<li>Membre de la Fédération Suisse des Avocats et de l’Association des avocats bernois</li>
<li>Adhésion à diverses institutions, fondations et associations et actif dans des commissions de conciliation et des tribunaux arbitraux</li>
<li>Lorenz Fellmann est citoyen suisse et français et vit à Bienne</li>
</ul>
<p><b>Domaines d&#8217;activité privilégiés</b></p>
<p>Droit des contrats, en particulier droit du travail, droit du travail collectif, droit du bail et droit des successions, droit de la circulation routière, droit des migrations (sans droit d&#8217;asile) et certains domaines du droit pénal.</p></p>

<p>Lorenz FellmannAvocat Études de droit et d&#8217;économie à l&#8217;Université de Berne 1984 obtention du brevet d’avocats Excerce depuis 1985 comme avocat indépendant à Bienne Membre de la Fédération Suisse des Avocats et de l’Association des avocats bernois Adhésion à diverses institutions, fondations et associations et actif dans des commissions de conciliation et des tribunaux arbitraux [&hellip;]</p>
